valuate 0 + (1 - -1) - (-13 + 15).
0
What is (19 - 15) + (-3 - (-2 - 0))?
3
Calculate (-9 + 6 + -4 - -8) + -1.
0
0 - -5 - ((-2 - 0) + 9)
-2
8 + 2 + -8 + -5
-3
-22 + 14 + 2 + 2
-4
-10 + 2 + 2 - -6
0
Evaluate 5 + (-2 + -1 - 0).
2
Evaluate 3 + (6 - 3) + 3.
9
Calculate -8 + 14 - (3 + -2 + 0).
5
Calculate -3 + -5 + -1 + 5.
-4
What is the value of (2 + -6 - 0) + 7 + -4?
-1
Evaluate 3 + 6 + (-1 - 7).
1
Evaluate (-8 + 2 - -8) + 1.
3
(-1 - (5 - 5)) + 2
1
Evaluate 3 - (0 - -9) - (-2 + -1).
-3
What is the value of -1 - -1 - (22 + -21 - -1)?
-2
What is 7 - (7 + 2 + -6) - -1?
5
What is the value of -2 + (3 + 0 + -3 - 0)?
-2
Calculate -1 - -4 - (4 + (-1 - 0)).
0
What is the value of -3 + (4 - 4) + 0?
-3
Evaluate -8 - (4 + -5 + -3).
-4
What is 2 - (4 + -4) - -4?
6
3 + -1 + (-5 - 0)
-3
Calculate 3 + (-8 - -8) + -6.
-3
What is (-1 - (5 + -3 + -5)) + -1?
1
What is the value of 8 + (-23 - -5) + 9?
-1
Evaluate -19 + 1 + 24 - (1 + -1).
6
What is 3 + (7 - (1 + 1))?
8
Calculate -5 + -2 + 5 + 1 + -1.
-2
-9 + (-8 - -16) + 2
1
Calculate 6 - (1 + 0 + 9).
-4
What is -11 + 8 + 0 + -3 + 1?
-5
What is (-1 + 3 - (1 - 0)) + 3?
4
What is 20 + -18 + 0 + 1?
3
Evaluate 0 - -8 - (-1 + 5).
4
-16 + (-5 - -14) + 13
6
Calculate 0 + -7 + 2 + (2 - -1).
-2
Evaluate -4 + 3 + 8 - 2.
5
What is the value of 21 - 16 - (1 + -5)?
9
What is the value of -5 - (-6 - -11) - -10?
0
Calculate (-7 - -6) + -13 + 5.
-9
4 + (-1 + -1 + -2 - -3)
3
What is 7 + 2 - 2 - (-106 - -110)?
3
Calculate 17 + -20 - (0 - 0).
-3
What is the value of (2 - 2) + 2 + (3 - 0)?
5
Calculate (-29 - -42) + -12 + 5.
6
Calculate 57 - 53 - (7 - -1).
-4
Evaluate -5 - ((7 - 14) + 6).
-4
129 + -131 - (-3 - (-2 + 0))
-1
What is -6 - -11 - (-5 + 7)?
3
What is -3 - (-5 + 1 - (-10 + 6))?
-3
23 + (12 + -38 - -13)
10
What is the value of -1 + 5 + -5 - -2?
1
Evaluate 1 - -3 - (24 - 19).
-1
Calculate 4 + (-2 - 2) - 1.
-1
What is the value of 6 - (5 + (1 - 2) - -11)?
-9
Calculate -3 - -6 - (1 + 1).
1
Evaluate 0 + -5 - -5 - (0 - -4).
-4
What is the value of -3 + (-1 - (2 - (3 + -1)))?
-4
Calculate 1 - (-11 - -9 - (-8 - -2)).
-3
What is the value of -5 + 9 + (0 - 2) + 2?
4
What is the value of -4 + -8 + 19 + -11?
-4
What is -1 + (2 - (-4 - -9))?
-4
What is -3 + (-9 + 12 - 5)?
-5
1 + 1 + -4 + 0
-2
-2 + (10 - (1 + -2 + 1))
8
Calculate 11 - (10 + 5 + 1).
-5
What is 3 - (0 + (1 - 2)) - 1?
3
Evaluate (0 - 1) + (3 - 1 - 2).
-1
What is the value of -5 + 7 - (1 - 4)?
5
Calculate (-3 + 2 - 0) + -4.
-5
Evaluate 8 - 9 - (-1 + 2).
-2
What is 7 + (-3 - 3) + (0 - -2)?
3
Calculate -3 + 1 + 6 - (8 + -5).
1
-6 + 0 + 0 + (13 - 3)
4
-2 + -2 + (-3 - -5 - -1)
-1
3 + (-3 + 6 - 2) - 3
1
Calculate -1 - (0 - ((2 - 2) + 2)).
1
Calculate (1 - 0) + 0 + -29 + 25.
-3
Evaluate (-3 - 2) + 16 + 8 + -19.
0
Calculate -6 + 8 + (0 - -2) + -4.
0
Calculate -11 - (1 + -26 + 6).
8
(-1 - -3) + 4 - 11
-5
14 + -3 + (-13 - -7)
5
What is the value of -4 + 6 + -3 + 3?
2
What is (5 - (14 + -5) - -4) + -4?
-4
5 - (-1 + (-2 - -5))
3
What is the value of -9 + 6 + 9 + -3 - 1?
2
-2 + 5 + (1 - 10)
-6
(-5 - -8) + -3 + 3
3
What is -1 - 0 - ((-3 - -10) + -17)?
9
Evaluate 9 - 3 - 7 - (2 - -4).
-7
Calculate -4 - (-3 - -1) - (-1 + 2).
-3
What is the value of -6 + (6 - (8 + (-4 - -3)))?
-7
What is 3 - 0 - 4 - 1 - 2?
-4
Evaluate 3 - (4 + -3) - 3.
-1
6 - (-3 + (1 - -5))
3
Calculate 8 + 2 + -2 + -2 + -9.
-3
What is the value of -16 + (-10 - (-25 - -7))?
-8
Calculate 3 - (7 + (-1 - 2)) - 7.
-8
Evaluate 6 + (-17 + 1 - (18 - 26)).
-2
What is (3 - 3) + (-3 - 1) + 0?
-4
Calculate 14 - 13 - (-1 - -1).
1
Evaluate -2 + -7 + (0 - -3) - -1.
-5
What is the value of (-14 - -15 - (2 + -4)) + -3?
0
Calculate (-5 - 4 - 4) + 9.
-4
Calculate (-23 - (-3 - 22)) + (1 - -3).
6
What is -1 + -6 + 3 + -4 + 1?
-7
-5 + -2 + 8 + -1
0
Calculate (1 - 3) + -3 + 8 - 4.
-1
Calculate (-12 - -8) + (1 - 1).
-4
Evaluate (-3 - 3) + 0 + (33 - 28).
-1
Evaluate -4 + -3 + 3 + -4 + 6.
-2
-1 + -3 - (12 - 16) - 4
-4
What is -3 + 1 + (2 - (-3 + 6))?
-3
Evaluate 6 + (3 + -5 - 3 - -1).
2
Evaluate -90 + 73 - (0 + -13).
-4
Evaluate 2 - ((1 - -4) + 10 + -15).
2
Evaluate -5 + 1 + -1 + 4.
-1
(-1 + 0 - -2) + 2
3
What is -24 - -21 - (-2 - 1) - 3?
-3
Evaluate 6 + -1 - (9 - 6 - 2).
4
Calculate (-12 - (3 - 8)) + 0 - -4.
-3
(-4 - 0) + (-3 - -15)
8
What is -5 + 1 + (7 - (15 + -8))?
-4
Calculate (-4 + -7 - -1) + 11.
1
What is the value of 7 + -4 + (4 - 8)?
-1
Evaluate -2 - 1 - (-12 - -12).
-3
What is 12 + -1 + -2 + (2 - 4)?
7
What is the value of -4 + (-1 + 1 - -3)?
-1
Evaluate (-2 - (8 - 12)) + 0.
2
What is the value of (-1 - (3 - -1)) + 1?
-4
What is the value of 0 - (3 - (1 + 1))?
-1
-14 - ((6 - 3) + -10)
-7
Evaluate 1 + 9 + 3 - 7.
6
What is (0 - -2) + 4 + -3?
3
-2 + (4 + -4 - -5) - -2
5
What is 0 + 2 + 2 + -7?
-3
What is (4 - (-6 - -6)) + (1 - 3)?
2
-1 + (3 - (3 - -4))
-5
Evaluate 0 + 17 + -3 + (2 - 8).
8
Calculate -48 + 49 - (-3 - (0 + 1)).
5
What is 0 - ((-7 - 1) + (25 - 20))?
3
What is the value of (0 - -3) + -1 + -3 + -2?
-3
107 + -103 + (-5 - 1)
-2
What is the value of -13 - -17 - ((-1 - -3) + -2)?
4
(5 - 2) + 8 + -9
2
-3 - ((-2 - 5) + 3)
1
-3 + (2 - 2) - (1 - 8)
4
0 - (-6 + 8 + -10)
8
Calculate 1 + -6 + 15 - 5.
5
What is the value of 6 + (-13 + 5 - (-3 + -1))?
2
Evaluate (-7 - (0 - 8)) + (-2 - -3).
2
Calculate -4 + 7 + 0 - 7.
-4
1 + -5 - 0 - -8
4
3 + -1 + -3 + 10
9
(-13 - -7) + (0 - -2)
-4
What is the value of 3 - (9 + -1) - 3?
-8
Evaluate 0 + (5 + -5 - -5) - 6.
-1
((6 - 3) + -6 - 1) + 3
-1
0 + 3 - (14 - 8 - 4)
1
6 + (0 - 2) - (-15 + 23)
-4
(2 - (-3 + 4 + 0)) + 2
3
Calculate 5 + -9 + 8 + -5.
-1
11 - (18 - 11) - 13
-9
Calculate -1 + (-11 + -3 - -9).
-6
Evaluate -9 - -1 - (-16 - (9 - 16)).
1
9 - (-6 + 27) - -4
-8
What is the value of -1 - (-2 + -4 + 6)?
-1
Evaluate -3 + -2 + 1 + 5.
1
Calculate -3 + 4 + 1 + 6 + -4.
4
Calculate 7 + (-5 - (3 - -3)) + -3.
-7
Evaluate 8 - 11 - (-4 - 0).
1
What is (-3 + 7 - 5) + 0?
-1
19 + -5 - (-1 - -5)
10
Calculate -5 - (-6 - (0 - 4)) - 1.
-4
Evaluate (2 - 3) + (34 - 34).
-1
What is 20 - (8 - 10 - -14)?
8
(2 - (1 - 2)) + -3 - -1
1
Evaluate 4 - (4 + 0 - -1).
-1
What is 3 + -1 + 10 + -6?
6
What is the value of (1 - (0 + -2)) + 1?
4
5 + -12 + 7 - 0
0
Calculate (1 - -6 - 4) + 5.
8
What is the value of 1 + 2 - (-30 + 41)?
-8
What is (6 - 1) + -21 + 20?
4
Calculate 12 - (-3 - (-5 - -5 - 8)).
7
Evaluate 1 + 2 + (0 - -1 - 2).
2
5 + -1 + -11 + -4 + 12
1
Calculate 1 + (-2 - 1) + -3.
-5
What is the value of -3 + -3 + (7 - -2)?
3
Calculate 1 + -3 - (-9 - -7).
0
What is the value of 4 + 8 + -4 + -3?
5
Calculate -6 - 1 - (-4 + 4).
-7
0 + (3 - 0 - -4)
7
Evaluate (2 + -2 - -1) + 3.
4
Evaluate 2 + -1 - (-10 + -1 + 7).
5
What is the value of 0 - (-1 - (0 + 3))?
4
-9 - -5 - -7 - 9
-6
What is the value of -1 - -6 - (6 - 4 - 0)?
3
-1 + 2 + -1 + (-13 - -19)
6
0 + 1 + -3 + 1 - 2
-3
What is the value of -1 - (2 - (1 - 1))?
-3
What is the value of -5 - (-5 + 5 + 1 + -5)?
-1
Calculate (1 + 6 - (4 - 0)) + 2.
5
10 + -5 + (-8 - -1)
-2
What is the value of (19 - 16 - (-1 - -7)) + 3?
0
5 + -1 + (16 - 20)
0
What is -6 + 3 + 4 + -1?
0
What is the value of (-9 - 1 - -1) + -2 + 6?
-5
Calculate 2 + -7 + 22 + -13.
4
0 - 5 - (11 - 11)
-5
Calculate 5 - (4 - 1) - 0.
2
What is -17 + 8 + -2 + 7?
-4
(-4 - -5) + -3 - 0
-2
What is the value of 4 - -8 - 1 - 3?
8
Evaluate 8 + -3 + -2 - -1 - 2.
2
What is -1 + 4 + 0 - 2 - 6?
-5
What is the value of -6 - (-11 + -1 + 4)?
2
8 + 4 + -1 + -8
3
0 + 2 + 2 + (-13 - -15)
6
Calculate 7 + (-6 - (4 - 9)).
6
What is 4 + (-2 - (-8 - -4) - 6)?
0
What is 6 - 3 - (3 - -1)?
-1
Calculate 7 + (-2 - 11) - (-3 - -2).
-5
What is the value of (-3 - 0) + 6 - (3 + -6)?
6
What is the value of (3 - (-1 + -6)) + -17?
-7
What is the value of (-12 - -5) + 4 + 0 + 0?
-3
What is 3 + 1 + (-4 - -4) + -4?
0
Calculate 9 + -13 - (-1 - 6).
3
-3 + 3 - (2 + -10 + 7)
1
Evaluate -4 + 2 + -3 - (0 - 5).
0
Calculate (-1 - 2) + 105 + -97.
5
What is the value of 0 - ((-1 + 4 - 1) + -4)?
2
What is -2 - (2 + (-4 - -1))?
-1
Calculate (1 - 3) + 1 - -5.
4
Calculate (-2 - -2) + -6 - (-7 - -6).
-5
Calculate 6 + (1 - 2) + 1 + 0.
6
9 + (4 - (10 + -1))
4
What is 0 + -1 + -1 + -3 + 3?
-2
Calculate (-2 - -1) + 1 + -4.
-4
What is the value of (1 - (-2 - -3)) + 2?
2
Evaluate 1 - (0 + -5 + 4 + -3).
5
Evaluate (-2 - (10 + -4)) + 8 + -5.
-5
1 - (1 - 1) - 4
-3
(5 + 3 - 3) + -8
-3
What i